{"id":797,"date":"2024-03-14T13:35:47","date_gmt":"2024-03-14T13:35:47","guid":{"rendered":"https:\/\/www.marijkeswolkamer.nl\/?post_type=product&#038;p=797"},"modified":"2024-03-14T13:50:14","modified_gmt":"2024-03-14T13:50:14","slug":"scheepjes-whirl-752-raspberry-rocky-road","status":"publish","type":"product","link":"https:\/\/www.marijkeswolkamer.nl\/index.php\/product\/scheepjes-whirl-752-raspberry-rocky-road\/","title":{"rendered":"Scheepjes &#8211; Whirl &#8211; 752 Raspberry Rocky Road"},"content":{"rendered":"<p>Met de Scheepjes Whirl haal je een prachtige bol garen in huis om de mooiste sjaals, omslagdoeken, kussenhoezen en meer mee te haken of\u00a0breien. Door het extreem lange kleurverloop wordt je project nooit te druk voor het oog. Ook niet als je een leuk patroontje breit of haakt.<\/p>\n<p>Met maar liefst 1000 meter looplengte op een bol van ca. 225 gr\u00a0haak of brei je\u00a0\u00e9\u00e9n hele omslagdoek.<\/p>\n<p>De scheepjes Whirl is een mooie getwijnde draad die daardoor niet snel splijt. Gemaakt van 60% katoen en 40% acryl waardoor hij mooi in vorm blijft.<\/p>\n","protected":false},"excerpt":{"rendered":"<p>Whirl van Scheepjeswol is tegenwoordig niet meer weg te denken uit het Nederlandse haak- en breilandschap. Whirl is eigenlijk \u00e9\u00e9n hele grote bol gem\u00ealeerde wol met een prachtig kleurverloop, ook wel een pot of gatencake genoemd. Het bijzondere aan dit garen is dat het volledig getwijnd is om snel te kunnen haken of breien en om splijten te voorkomen. Hierin heeft Scheepjes de wereldprimer.<\/p>\n","protected":false},"featured_media":799,"template":"","meta":{"saved_in_kubio":false},"product_brand":[],"product_cat":[60],"product_tag":[],"class_list":{"0":"post-797","1":"product","2":"type-product","3":"status-publish","4":"has-post-thumbnail","6":"product_cat-scheepjes-whirl","8":"first","9":"instock","10":"shipping-taxable","11":"product-type-simple"},"yoast_head":"<!-- This site is optimized with the Yoast SEO plugin v27.4 - https:\/\/yoast.com\/product\/yoast-seo-wordpress\/ -->\n<title>Scheepjes - Whirl - 752 Raspberry Rocky Road - Marijke&#039;s Wolkamer<\/title>\n<meta name=\"robots\" content=\"index, follow, max-snippet:-1, max-image-preview:large, max-video-preview:-1\" \/>\n<link rel=\"canonical\" href=\"https:\/\/www.marijkeswolkamer.nl\/index.php\/product\/scheepjes-whirl-752-raspberry-rocky-road\/\" \/>\n<meta property=\"og:locale\" content=\"nl_NL\" \/>\n<meta property=\"og:type\" content=\"article\" \/>\n<meta property=\"og:title\" content=\"Scheepjes - Whirl - 752 Raspberry Rocky Road - Marijke&#039;s Wolkamer\" \/>\n<meta property=\"og:description\" content=\"Whirl van Scheepjeswol is tegenwoordig niet meer weg te denken uit het Nederlandse haak- en breilandschap. Whirl is eigenlijk \u00e9\u00e9n hele grote bol gem\u00ealeerde wol met een prachtig kleurverloop, ook wel een pot of gatencake genoemd. Het bijzondere aan dit garen is dat het volledig getwijnd is om snel te kunnen haken of breien en om splijten te voorkomen. Hierin heeft Scheepjes de wereldprimer.\" \/>\n<meta property=\"og:url\" content=\"https:\/\/www.marijkeswolkamer.nl\/index.php\/product\/scheepjes-whirl-752-raspberry-rocky-road\/\" \/>\n<meta property=\"og:site_name\" content=\"Marijke&#039;s Wolkamer\" \/>\n<meta property=\"article:modified_time\" content=\"2024-03-14T13:50:14+00:00\" \/>\n<meta property=\"og:image\" content=\"https:\/\/www.marijkeswolkamer.nl\/wp-content\/uploads\/2024\/03\/Scheepjes-Whirl-752-Raspberry-Rocky-Road.jpg\" \/>\n\t<meta property=\"og:image:width\" content=\"800\" \/>\n\t<meta property=\"og:image:height\" content=\"800\" \/>\n\t<meta property=\"og:image:type\" content=\"image\/jpeg\" \/>\n<meta name=\"twitter:card\" content=\"summary_large_image\" \/>\n<script type=\"application\/ld+json\" class=\"yoast-schema-graph\">{\"@context\":\"https:\\\/\\\/schema.org\",\"@graph\":[{\"@type\":\"WebPage\",\"@id\":\"https:\\\/\\\/www.marijkeswolkamer.nl\\\/index.php\\\/product\\\/scheepjes-whirl-752-raspberry-rocky-road\\\/\",\"url\":\"https:\\\/\\\/www.marijkeswolkamer.nl\\\/index.php\\\/product\\\/scheepjes-whirl-752-raspberry-rocky-road\\\/\",\"name\":\"Scheepjes - Whirl - 752 Raspberry Rocky Road - Marijke's Wolkamer\",\"isPartOf\":{\"@id\":\"https:\\\/\\\/www.marijkeswolkamer.nl\\\/#website\"},\"primaryImageOfPage\":{\"@id\":\"https:\\\/\\\/www.marijkeswolkamer.nl\\\/index.php\\\/product\\\/scheepjes-whirl-752-raspberry-rocky-road\\\/#primaryimage\"},\"image\":{\"@id\":\"https:\\\/\\\/www.marijkeswolkamer.nl\\\/index.php\\\/product\\\/scheepjes-whirl-752-raspberry-rocky-road\\\/#primaryimage\"},\"thumbnailUrl\":\"https:\\\/\\\/www.marijkeswolkamer.nl\\\/wp-content\\\/uploads\\\/2024\\\/03\\\/Scheepjes-Whirl-752-Raspberry-Rocky-Road.jpg\",\"datePublished\":\"2024-03-14T13:35:47+00:00\",\"dateModified\":\"2024-03-14T13:50:14+00:00\",\"breadcrumb\":{\"@id\":\"https:\\\/\\\/www.marijkeswolkamer.nl\\\/index.php\\\/product\\\/scheepjes-whirl-752-raspberry-rocky-road\\\/#breadcrumb\"},\"inLanguage\":\"nl-NL\",\"potentialAction\":[{\"@type\":\"ReadAction\",\"target\":[\"https:\\\/\\\/www.marijkeswolkamer.nl\\\/index.php\\\/product\\\/scheepjes-whirl-752-raspberry-rocky-road\\\/\"]}]},{\"@type\":\"ImageObject\",\"inLanguage\":\"nl-NL\",\"@id\":\"https:\\\/\\\/www.marijkeswolkamer.nl\\\/index.php\\\/product\\\/scheepjes-whirl-752-raspberry-rocky-road\\\/#primaryimage\",\"url\":\"https:\\\/\\\/www.marijkeswolkamer.nl\\\/wp-content\\\/uploads\\\/2024\\\/03\\\/Scheepjes-Whirl-752-Raspberry-Rocky-Road.jpg\",\"contentUrl\":\"https:\\\/\\\/www.marijkeswolkamer.nl\\\/wp-content\\\/uploads\\\/2024\\\/03\\\/Scheepjes-Whirl-752-Raspberry-Rocky-Road.jpg\",\"width\":800,\"height\":800},{\"@type\":\"BreadcrumbList\",\"@id\":\"https:\\\/\\\/www.marijkeswolkamer.nl\\\/index.php\\\/product\\\/scheepjes-whirl-752-raspberry-rocky-road\\\/#breadcrumb\",\"itemListElement\":[{\"@type\":\"ListItem\",\"position\":1,\"name\":\"Home\",\"item\":\"https:\\\/\\\/www.marijkeswolkamer.nl\\\/\"},{\"@type\":\"ListItem\",\"position\":2,\"name\":\"Assortiment\",\"item\":\"https:\\\/\\\/www.marijkeswolkamer.nl\\\/index.php\\\/assortiment\\\/\"},{\"@type\":\"ListItem\",\"position\":3,\"name\":\"Scheepjes &#8211; Whirl &#8211; 752 Raspberry Rocky Road\"}]},{\"@type\":\"WebSite\",\"@id\":\"https:\\\/\\\/www.marijkeswolkamer.nl\\\/#website\",\"url\":\"https:\\\/\\\/www.marijkeswolkamer.nl\\\/\",\"name\":\"Marijke's Wolkamer\",\"description\":\"Handgeverfde sokkenwol\",\"publisher\":{\"@id\":\"https:\\\/\\\/www.marijkeswolkamer.nl\\\/#organization\"},\"potentialAction\":[{\"@type\":\"SearchAction\",\"target\":{\"@type\":\"EntryPoint\",\"urlTemplate\":\"https:\\\/\\\/www.marijkeswolkamer.nl\\\/?s={search_term_string}\"},\"query-input\":{\"@type\":\"PropertyValueSpecification\",\"valueRequired\":true,\"valueName\":\"search_term_string\"}}],\"inLanguage\":\"nl-NL\"},{\"@type\":\"Organization\",\"@id\":\"https:\\\/\\\/www.marijkeswolkamer.nl\\\/#organization\",\"name\":\"Marijke's Wolkamer\",\"url\":\"https:\\\/\\\/www.marijkeswolkamer.nl\\\/\",\"logo\":{\"@type\":\"ImageObject\",\"inLanguage\":\"nl-NL\",\"@id\":\"https:\\\/\\\/www.marijkeswolkamer.nl\\\/#\\\/schema\\\/logo\\\/image\\\/\",\"url\":\"https:\\\/\\\/www.marijkeswolkamer.nl\\\/wp-content\\\/uploads\\\/2024\\\/03\\\/Logo-marijkewolkamer.png\",\"contentUrl\":\"https:\\\/\\\/www.marijkeswolkamer.nl\\\/wp-content\\\/uploads\\\/2024\\\/03\\\/Logo-marijkewolkamer.png\",\"width\":512,\"height\":512,\"caption\":\"Marijke's Wolkamer\"},\"image\":{\"@id\":\"https:\\\/\\\/www.marijkeswolkamer.nl\\\/#\\\/schema\\\/logo\\\/image\\\/\"}}]}<\/script>\n<!-- \/ Yoast SEO plugin. -->","yoast_head_json":{"title":"Scheepjes - Whirl - 752 Raspberry Rocky Road - Marijke's Wolkamer","robots":{"index":"index","follow":"follow","max-snippet":"max-snippet:-1","max-image-preview":"max-image-preview:large","max-video-preview":"max-video-preview:-1"},"canonical":"https:\/\/www.marijkeswolkamer.nl\/index.php\/product\/scheepjes-whirl-752-raspberry-rocky-road\/","og_locale":"nl_NL","og_type":"article","og_title":"Scheepjes - Whirl - 752 Raspberry Rocky Road - Marijke's Wolkamer","og_description":"Whirl van Scheepjeswol is tegenwoordig niet meer weg te denken uit het Nederlandse haak- en breilandschap. Whirl is eigenlijk \u00e9\u00e9n hele grote bol gem\u00ealeerde wol met een prachtig kleurverloop, ook wel een pot of gatencake genoemd. Het bijzondere aan dit garen is dat het volledig getwijnd is om snel te kunnen haken of breien en om splijten te voorkomen. Hierin heeft Scheepjes de wereldprimer.","og_url":"https:\/\/www.marijkeswolkamer.nl\/index.php\/product\/scheepjes-whirl-752-raspberry-rocky-road\/","og_site_name":"Marijke's Wolkamer","article_modified_time":"2024-03-14T13:50:14+00:00","og_image":[{"width":800,"height":800,"url":"https:\/\/www.marijkeswolkamer.nl\/wp-content\/uploads\/2024\/03\/Scheepjes-Whirl-752-Raspberry-Rocky-Road.jpg","type":"image\/jpeg"}],"twitter_card":"summary_large_image","schema":{"@context":"https:\/\/schema.org","@graph":[{"@type":"WebPage","@id":"https:\/\/www.marijkeswolkamer.nl\/index.php\/product\/scheepjes-whirl-752-raspberry-rocky-road\/","url":"https:\/\/www.marijkeswolkamer.nl\/index.php\/product\/scheepjes-whirl-752-raspberry-rocky-road\/","name":"Scheepjes - Whirl - 752 Raspberry Rocky Road - Marijke's Wolkamer","isPartOf":{"@id":"https:\/\/www.marijkeswolkamer.nl\/#website"},"primaryImageOfPage":{"@id":"https:\/\/www.marijkeswolkamer.nl\/index.php\/product\/scheepjes-whirl-752-raspberry-rocky-road\/#primaryimage"},"image":{"@id":"https:\/\/www.marijkeswolkamer.nl\/index.php\/product\/scheepjes-whirl-752-raspberry-rocky-road\/#primaryimage"},"thumbnailUrl":"https:\/\/www.marijkeswolkamer.nl\/wp-content\/uploads\/2024\/03\/Scheepjes-Whirl-752-Raspberry-Rocky-Road.jpg","datePublished":"2024-03-14T13:35:47+00:00","dateModified":"2024-03-14T13:50:14+00:00","breadcrumb":{"@id":"https:\/\/www.marijkeswolkamer.nl\/index.php\/product\/scheepjes-whirl-752-raspberry-rocky-road\/#breadcrumb"},"inLanguage":"nl-NL","potentialAction":[{"@type":"ReadAction","target":["https:\/\/www.marijkeswolkamer.nl\/index.php\/product\/scheepjes-whirl-752-raspberry-rocky-road\/"]}]},{"@type":"ImageObject","inLanguage":"nl-NL","@id":"https:\/\/www.marijkeswolkamer.nl\/index.php\/product\/scheepjes-whirl-752-raspberry-rocky-road\/#primaryimage","url":"https:\/\/www.marijkeswolkamer.nl\/wp-content\/uploads\/2024\/03\/Scheepjes-Whirl-752-Raspberry-Rocky-Road.jpg","contentUrl":"https:\/\/www.marijkeswolkamer.nl\/wp-content\/uploads\/2024\/03\/Scheepjes-Whirl-752-Raspberry-Rocky-Road.jpg","width":800,"height":800},{"@type":"BreadcrumbList","@id":"https:\/\/www.marijkeswolkamer.nl\/index.php\/product\/scheepjes-whirl-752-raspberry-rocky-road\/#breadcrumb","itemListElement":[{"@type":"ListItem","position":1,"name":"Home","item":"https:\/\/www.marijkeswolkamer.nl\/"},{"@type":"ListItem","position":2,"name":"Assortiment","item":"https:\/\/www.marijkeswolkamer.nl\/index.php\/assortiment\/"},{"@type":"ListItem","position":3,"name":"Scheepjes &#8211; Whirl &#8211; 752 Raspberry Rocky Road"}]},{"@type":"WebSite","@id":"https:\/\/www.marijkeswolkamer.nl\/#website","url":"https:\/\/www.marijkeswolkamer.nl\/","name":"Marijke's Wolkamer","description":"Handgeverfde sokkenwol","publisher":{"@id":"https:\/\/www.marijkeswolkamer.nl\/#organization"},"potentialAction":[{"@type":"SearchAction","target":{"@type":"EntryPoint","urlTemplate":"https:\/\/www.marijkeswolkamer.nl\/?s={search_term_string}"},"query-input":{"@type":"PropertyValueSpecification","valueRequired":true,"valueName":"search_term_string"}}],"inLanguage":"nl-NL"},{"@type":"Organization","@id":"https:\/\/www.marijkeswolkamer.nl\/#organization","name":"Marijke's Wolkamer","url":"https:\/\/www.marijkeswolkamer.nl\/","logo":{"@type":"ImageObject","inLanguage":"nl-NL","@id":"https:\/\/www.marijkeswolkamer.nl\/#\/schema\/logo\/image\/","url":"https:\/\/www.marijkeswolkamer.nl\/wp-content\/uploads\/2024\/03\/Logo-marijkewolkamer.png","contentUrl":"https:\/\/www.marijkeswolkamer.nl\/wp-content\/uploads\/2024\/03\/Logo-marijkewolkamer.png","width":512,"height":512,"caption":"Marijke's Wolkamer"},"image":{"@id":"https:\/\/www.marijkeswolkamer.nl\/#\/schema\/logo\/image\/"}}]}},"_links":{"self":[{"href":"https:\/\/www.marijkeswolkamer.nl\/index.php\/wp-json\/wp\/v2\/product\/797","targetHints":{"allow":["GET"]}}],"collection":[{"href":"https:\/\/www.marijkeswolkamer.nl\/index.php\/wp-json\/wp\/v2\/product"}],"about":[{"href":"https:\/\/www.marijkeswolkamer.nl\/index.php\/wp-json\/wp\/v2\/types\/product"}],"wp:featuredmedia":[{"embeddable":true,"href":"https:\/\/www.marijkeswolkamer.nl\/index.php\/wp-json\/wp\/v2\/media\/799"}],"wp:attachment":[{"href":"https:\/\/www.marijkeswolkamer.nl\/index.php\/wp-json\/wp\/v2\/media?parent=797"}],"wp:term":[{"taxonomy":"product_brand","embeddable":true,"href":"https:\/\/www.marijkeswolkamer.nl\/index.php\/wp-json\/wp\/v2\/product_brand?post=797"},{"taxonomy":"product_cat","embeddable":true,"href":"https:\/\/www.marijkeswolkamer.nl\/index.php\/wp-json\/wp\/v2\/product_cat?post=797"},{"taxonomy":"product_tag","embeddable":true,"href":"https:\/\/www.marijkeswolkamer.nl\/index.php\/wp-json\/wp\/v2\/product_tag?post=797"}],"curies":[{"name":"wp","href":"https:\/\/api.w.org\/{rel}","templated":true}]}}