{"id":692,"date":"2024-03-01T20:16:19","date_gmt":"2024-03-01T20:16:19","guid":{"rendered":"https:\/\/www.marijkeswolkamer.nl\/?post_type=product&#038;p=692"},"modified":"2024-03-01T20:50:04","modified_gmt":"2024-03-01T20:50:04","slug":"rico-creative-wool-degrade-013-aqua","status":"publish","type":"product","link":"https:\/\/www.marijkeswolkamer.nl\/index.php\/product\/rico-creative-wool-degrade-013-aqua\/","title":{"rendered":"Rico &#8211; Creative Wool D\u00e9grad\u00e9 &#8211; 013 aqua"},"content":{"rendered":"<p>Een prachtig verloopgaren in wol versie. De ideale wolmix voor gebreide kleding met prachtige d\u00e9grad\u00e9-effecten. Vier dunne draden in verschillende tinten combineren het garen om een harmonieus kleurenbeeld te cre\u00ebren. De bol overtuigt ook met zijn uiterlijk: elke bol werd met de hand opgewonden tot een cilinder die inzicht geeft in de kleuren. Extra: Aan de binnenkant van de band is een gedetailleerde gebruiksaanwijzing voor een trendy D\u00e9grad\u00e9-omslagdoek afgebeeld, zodat deze direct kan worden gebreid. De hoeveelheid garen van een bol precies genoeg voor een doek. Geschikt voor haken en breien.<\/p>\n<p><strong>Naalddikte<\/strong>: 4<br \/>\n<strong>Gewicht<\/strong>: 200 gram<br \/>\n<strong>Lengte<\/strong>: 800 m<br \/>\n<strong>Samenstelling<\/strong>: 30% wol &#8211; 70% acryl<\/p>\n","protected":false},"excerpt":{"rendered":"<p>Een heerlijk zacht en dun garen van acryl en wol. Dit garen heeft een mooi kleurverloop.  Perfect voor het breien van een sjaal of omslagdoek.<\/p>\n","protected":false},"featured_media":693,"template":"","meta":{"saved_in_kubio":false},"product_brand":[],"product_cat":[40],"product_tag":[],"class_list":{"0":"post-692","1":"product","2":"type-product","3":"status-publish","4":"has-post-thumbnail","6":"product_cat-ricoh-design","8":"first","9":"instock","10":"shipping-taxable","11":"product-type-simple"},"yoast_head":"<!-- This site is optimized with the Yoast SEO plugin v27.4 - https:\/\/yoast.com\/product\/yoast-seo-wordpress\/ -->\n<title>Rico - Creative Wool D\u00e9grad\u00e9 - 013 aqua - Marijke&#039;s Wolkamer<\/title>\n<meta name=\"robots\" content=\"index, follow, max-snippet:-1, max-image-preview:large, max-video-preview:-1\" \/>\n<link rel=\"canonical\" href=\"https:\/\/www.marijkeswolkamer.nl\/index.php\/product\/rico-creative-wool-degrade-013-aqua\/\" \/>\n<meta property=\"og:locale\" content=\"nl_NL\" \/>\n<meta property=\"og:type\" content=\"article\" \/>\n<meta property=\"og:title\" content=\"Rico - Creative Wool D\u00e9grad\u00e9 - 013 aqua - Marijke&#039;s Wolkamer\" \/>\n<meta property=\"og:description\" content=\"Een heerlijk zacht en dun garen van acryl en wol. Dit garen heeft een mooi kleurverloop. Perfect voor het breien van een sjaal of omslagdoek.\" \/>\n<meta property=\"og:url\" content=\"https:\/\/www.marijkeswolkamer.nl\/index.php\/product\/rico-creative-wool-degrade-013-aqua\/\" \/>\n<meta property=\"og:site_name\" content=\"Marijke&#039;s Wolkamer\" \/>\n<meta property=\"article:modified_time\" content=\"2024-03-01T20:50:04+00:00\" \/>\n<meta property=\"og:image\" content=\"https:\/\/www.marijkeswolkamer.nl\/wp-content\/uploads\/2024\/03\/Creative-Wool-Degrade-Rico.jpg\" \/>\n\t<meta property=\"og:image:width\" content=\"800\" \/>\n\t<meta property=\"og:image:height\" content=\"800\" \/>\n\t<meta property=\"og:image:type\" content=\"image\/jpeg\" \/>\n<meta name=\"twitter:card\" content=\"summary_large_image\" \/>\n<meta name=\"twitter:label1\" content=\"Geschatte leestijd\" \/>\n\t<meta name=\"twitter:data1\" content=\"1 minuut\" \/>\n<script type=\"application\/ld+json\" class=\"yoast-schema-graph\">{\"@context\":\"https:\\\/\\\/schema.org\",\"@graph\":[{\"@type\":\"WebPage\",\"@id\":\"https:\\\/\\\/www.marijkeswolkamer.nl\\\/index.php\\\/product\\\/rico-creative-wool-degrade-013-aqua\\\/\",\"url\":\"https:\\\/\\\/www.marijkeswolkamer.nl\\\/index.php\\\/product\\\/rico-creative-wool-degrade-013-aqua\\\/\",\"name\":\"Rico - Creative Wool D\u00e9grad\u00e9 - 013 aqua - Marijke's Wolkamer\",\"isPartOf\":{\"@id\":\"https:\\\/\\\/www.marijkeswolkamer.nl\\\/#website\"},\"primaryImageOfPage\":{\"@id\":\"https:\\\/\\\/www.marijkeswolkamer.nl\\\/index.php\\\/product\\\/rico-creative-wool-degrade-013-aqua\\\/#primaryimage\"},\"image\":{\"@id\":\"https:\\\/\\\/www.marijkeswolkamer.nl\\\/index.php\\\/product\\\/rico-creative-wool-degrade-013-aqua\\\/#primaryimage\"},\"thumbnailUrl\":\"https:\\\/\\\/www.marijkeswolkamer.nl\\\/wp-content\\\/uploads\\\/2024\\\/03\\\/Creative-Wool-Degrade-Rico.jpg\",\"datePublished\":\"2024-03-01T20:16:19+00:00\",\"dateModified\":\"2024-03-01T20:50:04+00:00\",\"breadcrumb\":{\"@id\":\"https:\\\/\\\/www.marijkeswolkamer.nl\\\/index.php\\\/product\\\/rico-creative-wool-degrade-013-aqua\\\/#breadcrumb\"},\"inLanguage\":\"nl-NL\",\"potentialAction\":[{\"@type\":\"ReadAction\",\"target\":[\"https:\\\/\\\/www.marijkeswolkamer.nl\\\/index.php\\\/product\\\/rico-creative-wool-degrade-013-aqua\\\/\"]}]},{\"@type\":\"ImageObject\",\"inLanguage\":\"nl-NL\",\"@id\":\"https:\\\/\\\/www.marijkeswolkamer.nl\\\/index.php\\\/product\\\/rico-creative-wool-degrade-013-aqua\\\/#primaryimage\",\"url\":\"https:\\\/\\\/www.marijkeswolkamer.nl\\\/wp-content\\\/uploads\\\/2024\\\/03\\\/Creative-Wool-Degrade-Rico.jpg\",\"contentUrl\":\"https:\\\/\\\/www.marijkeswolkamer.nl\\\/wp-content\\\/uploads\\\/2024\\\/03\\\/Creative-Wool-Degrade-Rico.jpg\",\"width\":800,\"height\":800},{\"@type\":\"BreadcrumbList\",\"@id\":\"https:\\\/\\\/www.marijkeswolkamer.nl\\\/index.php\\\/product\\\/rico-creative-wool-degrade-013-aqua\\\/#breadcrumb\",\"itemListElement\":[{\"@type\":\"ListItem\",\"position\":1,\"name\":\"Home\",\"item\":\"https:\\\/\\\/www.marijkeswolkamer.nl\\\/\"},{\"@type\":\"ListItem\",\"position\":2,\"name\":\"Assortiment\",\"item\":\"https:\\\/\\\/www.marijkeswolkamer.nl\\\/index.php\\\/assortiment\\\/\"},{\"@type\":\"ListItem\",\"position\":3,\"name\":\"Rico &#8211; Creative Wool D\u00e9grad\u00e9 &#8211; 013 aqua\"}]},{\"@type\":\"WebSite\",\"@id\":\"https:\\\/\\\/www.marijkeswolkamer.nl\\\/#website\",\"url\":\"https:\\\/\\\/www.marijkeswolkamer.nl\\\/\",\"name\":\"Marijke's Wolkamer\",\"description\":\"Handgeverfde sokkenwol\",\"publisher\":{\"@id\":\"https:\\\/\\\/www.marijkeswolkamer.nl\\\/#organization\"},\"potentialAction\":[{\"@type\":\"SearchAction\",\"target\":{\"@type\":\"EntryPoint\",\"urlTemplate\":\"https:\\\/\\\/www.marijkeswolkamer.nl\\\/?s={search_term_string}\"},\"query-input\":{\"@type\":\"PropertyValueSpecification\",\"valueRequired\":true,\"valueName\":\"search_term_string\"}}],\"inLanguage\":\"nl-NL\"},{\"@type\":\"Organization\",\"@id\":\"https:\\\/\\\/www.marijkeswolkamer.nl\\\/#organization\",\"name\":\"Marijke's Wolkamer\",\"url\":\"https:\\\/\\\/www.marijkeswolkamer.nl\\\/\",\"logo\":{\"@type\":\"ImageObject\",\"inLanguage\":\"nl-NL\",\"@id\":\"https:\\\/\\\/www.marijkeswolkamer.nl\\\/#\\\/schema\\\/logo\\\/image\\\/\",\"url\":\"https:\\\/\\\/www.marijkeswolkamer.nl\\\/wp-content\\\/uploads\\\/2024\\\/03\\\/Logo-marijkewolkamer.png\",\"contentUrl\":\"https:\\\/\\\/www.marijkeswolkamer.nl\\\/wp-content\\\/uploads\\\/2024\\\/03\\\/Logo-marijkewolkamer.png\",\"width\":512,\"height\":512,\"caption\":\"Marijke's Wolkamer\"},\"image\":{\"@id\":\"https:\\\/\\\/www.marijkeswolkamer.nl\\\/#\\\/schema\\\/logo\\\/image\\\/\"}}]}<\/script>\n<!-- \/ Yoast SEO plugin. -->","yoast_head_json":{"title":"Rico - Creative Wool D\u00e9grad\u00e9 - 013 aqua - Marijke's Wolkamer","robots":{"index":"index","follow":"follow","max-snippet":"max-snippet:-1","max-image-preview":"max-image-preview:large","max-video-preview":"max-video-preview:-1"},"canonical":"https:\/\/www.marijkeswolkamer.nl\/index.php\/product\/rico-creative-wool-degrade-013-aqua\/","og_locale":"nl_NL","og_type":"article","og_title":"Rico - Creative Wool D\u00e9grad\u00e9 - 013 aqua - Marijke's Wolkamer","og_description":"Een heerlijk zacht en dun garen van acryl en wol. Dit garen heeft een mooi kleurverloop. Perfect voor het breien van een sjaal of omslagdoek.","og_url":"https:\/\/www.marijkeswolkamer.nl\/index.php\/product\/rico-creative-wool-degrade-013-aqua\/","og_site_name":"Marijke's Wolkamer","article_modified_time":"2024-03-01T20:50:04+00:00","og_image":[{"width":800,"height":800,"url":"https:\/\/www.marijkeswolkamer.nl\/wp-content\/uploads\/2024\/03\/Creative-Wool-Degrade-Rico.jpg","type":"image\/jpeg"}],"twitter_card":"summary_large_image","twitter_misc":{"Geschatte leestijd":"1 minuut"},"schema":{"@context":"https:\/\/schema.org","@graph":[{"@type":"WebPage","@id":"https:\/\/www.marijkeswolkamer.nl\/index.php\/product\/rico-creative-wool-degrade-013-aqua\/","url":"https:\/\/www.marijkeswolkamer.nl\/index.php\/product\/rico-creative-wool-degrade-013-aqua\/","name":"Rico - Creative Wool D\u00e9grad\u00e9 - 013 aqua - Marijke's Wolkamer","isPartOf":{"@id":"https:\/\/www.marijkeswolkamer.nl\/#website"},"primaryImageOfPage":{"@id":"https:\/\/www.marijkeswolkamer.nl\/index.php\/product\/rico-creative-wool-degrade-013-aqua\/#primaryimage"},"image":{"@id":"https:\/\/www.marijkeswolkamer.nl\/index.php\/product\/rico-creative-wool-degrade-013-aqua\/#primaryimage"},"thumbnailUrl":"https:\/\/www.marijkeswolkamer.nl\/wp-content\/uploads\/2024\/03\/Creative-Wool-Degrade-Rico.jpg","datePublished":"2024-03-01T20:16:19+00:00","dateModified":"2024-03-01T20:50:04+00:00","breadcrumb":{"@id":"https:\/\/www.marijkeswolkamer.nl\/index.php\/product\/rico-creative-wool-degrade-013-aqua\/#breadcrumb"},"inLanguage":"nl-NL","potentialAction":[{"@type":"ReadAction","target":["https:\/\/www.marijkeswolkamer.nl\/index.php\/product\/rico-creative-wool-degrade-013-aqua\/"]}]},{"@type":"ImageObject","inLanguage":"nl-NL","@id":"https:\/\/www.marijkeswolkamer.nl\/index.php\/product\/rico-creative-wool-degrade-013-aqua\/#primaryimage","url":"https:\/\/www.marijkeswolkamer.nl\/wp-content\/uploads\/2024\/03\/Creative-Wool-Degrade-Rico.jpg","contentUrl":"https:\/\/www.marijkeswolkamer.nl\/wp-content\/uploads\/2024\/03\/Creative-Wool-Degrade-Rico.jpg","width":800,"height":800},{"@type":"BreadcrumbList","@id":"https:\/\/www.marijkeswolkamer.nl\/index.php\/product\/rico-creative-wool-degrade-013-aqua\/#breadcrumb","itemListElement":[{"@type":"ListItem","position":1,"name":"Home","item":"https:\/\/www.marijkeswolkamer.nl\/"},{"@type":"ListItem","position":2,"name":"Assortiment","item":"https:\/\/www.marijkeswolkamer.nl\/index.php\/assortiment\/"},{"@type":"ListItem","position":3,"name":"Rico &#8211; Creative Wool D\u00e9grad\u00e9 &#8211; 013 aqua"}]},{"@type":"WebSite","@id":"https:\/\/www.marijkeswolkamer.nl\/#website","url":"https:\/\/www.marijkeswolkamer.nl\/","name":"Marijke's Wolkamer","description":"Handgeverfde sokkenwol","publisher":{"@id":"https:\/\/www.marijkeswolkamer.nl\/#organization"},"potentialAction":[{"@type":"SearchAction","target":{"@type":"EntryPoint","urlTemplate":"https:\/\/www.marijkeswolkamer.nl\/?s={search_term_string}"},"query-input":{"@type":"PropertyValueSpecification","valueRequired":true,"valueName":"search_term_string"}}],"inLanguage":"nl-NL"},{"@type":"Organization","@id":"https:\/\/www.marijkeswolkamer.nl\/#organization","name":"Marijke's Wolkamer","url":"https:\/\/www.marijkeswolkamer.nl\/","logo":{"@type":"ImageObject","inLanguage":"nl-NL","@id":"https:\/\/www.marijkeswolkamer.nl\/#\/schema\/logo\/image\/","url":"https:\/\/www.marijkeswolkamer.nl\/wp-content\/uploads\/2024\/03\/Logo-marijkewolkamer.png","contentUrl":"https:\/\/www.marijkeswolkamer.nl\/wp-content\/uploads\/2024\/03\/Logo-marijkewolkamer.png","width":512,"height":512,"caption":"Marijke's Wolkamer"},"image":{"@id":"https:\/\/www.marijkeswolkamer.nl\/#\/schema\/logo\/image\/"}}]}},"_links":{"self":[{"href":"https:\/\/www.marijkeswolkamer.nl\/index.php\/wp-json\/wp\/v2\/product\/692","targetHints":{"allow":["GET"]}}],"collection":[{"href":"https:\/\/www.marijkeswolkamer.nl\/index.php\/wp-json\/wp\/v2\/product"}],"about":[{"href":"https:\/\/www.marijkeswolkamer.nl\/index.php\/wp-json\/wp\/v2\/types\/product"}],"wp:featuredmedia":[{"embeddable":true,"href":"https:\/\/www.marijkeswolkamer.nl\/index.php\/wp-json\/wp\/v2\/media\/693"}],"wp:attachment":[{"href":"https:\/\/www.marijkeswolkamer.nl\/index.php\/wp-json\/wp\/v2\/media?parent=692"}],"wp:term":[{"taxonomy":"product_brand","embeddable":true,"href":"https:\/\/www.marijkeswolkamer.nl\/index.php\/wp-json\/wp\/v2\/product_brand?post=692"},{"taxonomy":"product_cat","embeddable":true,"href":"https:\/\/www.marijkeswolkamer.nl\/index.php\/wp-json\/wp\/v2\/product_cat?post=692"},{"taxonomy":"product_tag","embeddable":true,"href":"https:\/\/www.marijkeswolkamer.nl\/index.php\/wp-json\/wp\/v2\/product_tag?post=692"}],"curies":[{"name":"wp","href":"https:\/\/api.w.org\/{rel}","templated":true}]}}